{"id":379,"date":"2021-10-13T22:07:43","date_gmt":"2021-10-13T20:07:43","guid":{"rendered":"https:\/\/matrix.ejsa-rot.desite\/?page_id=379"},"modified":"2022-03-23T19:13:26","modified_gmt":"2022-03-23T18:13:26","slug":"ausbildungs-und-jobfragen","status":"publish","type":"page","link":"https:\/\/matrix.ejsa-rot.de\/site\/integration\/ausbildungs-und-jobfragen\/","title":{"rendered":"Ausbildungs- und Jobfragen"},"content":{"rendered":"","protected":false},"excerpt":{"rendered":"","protected":false},"author":3,"featured_media":0,"parent":282,"menu_order":1,"comment_status":"closed","ping_status":"closed","template":"","meta":{"ct_builder_shortcodes":"[ct_div_block ct_sign_sha256='b2f822395dfb01c6247e3207cc2cb7988abcd247c3cab6bbf4c7e79126baf2b3' ct_options='{\"ct_id\":71,\"ct_parent\":0,\"selector\":\"div_block-71-379\",\"original\":{\"background-color\":\"#f4f4f4\"},\"nicename\":\"4_mit_Icons\",\"activeselector\":false,\"ct_depth\":1}'][ct_section_2 ct_sign_sha256='f46e97f39e138e16b2bd770ea16087fc1ff2669936bda1794a903a681a9fd1ec' ct_options='{\"ct_id\":72,\"ct_parent\":71,\"selector\":\"section-72-379\",\"ct_category\":\"Content\",\"nicename\":\"Level2\",\"ct_depth\":2,\"original\":{\"gradient\":{\"colors\":{\"0\":{\"position-unit\":\"px\",\"value\":\"\"},\"1\":{\"position-unit\":\"px\",\"value\":\"\"}}},\"background-color\":\"#f4f4f4\",\"container-padding-top-unit\":\"px\",\"container-padding-top\":\"60\",\"container-padding-bottom-unit\":\"px\",\"container-padding-bottom\":\"60\"},\"activeselector\":false}'][ct_new_columns_3 ct_sign_sha256='aff3330181744af9df1d4cff50a30e9143f78b9b4759db292b1757f0f1e64abf' ct_options='{\"ct_id\":73,\"ct_parent\":72,\"selector\":\"new_columns-73-379\",\"original\":{\"margin-bottom\":\"15\",\"gradient\":{\"colors\":{\"0\":{\"position-unit\":\"px\",\"value\":\"\"},\"1\":{\"position-unit\":\"px\",\"value\":\"\"}},\"linear-angle\":\"180\"},\"stack-columns-vertically\":\"tablet\",\"background-size\":\"auto\"},\"nicename\":\"Title\",\"ct_depth\":3}'][ct_div_block_3 ct_sign_sha256='ee20e917b0adb559c2d1bf078c3d8ab100422bf69204557f342e5db2ad76788d' ct_options='{\"ct_id\":74,\"ct_parent\":73,\"selector\":\"div_block-74-379\",\"original\":{\"width\":\"30\",\"width-unit\":\"%\",\"border-right-style\":\"none\",\"border-left-style\":\"solid\",\"border-left-width\":\"3\",\"border-left-color\":\"color(35)\"},\"ct_depth\":3,\"nicename\":\"Div (#11)\"}'][ct_text_block ct_sign_sha256='1013b07d35128a0b679aaa9fdf184a8c59bf86044f086f46470094302b9d9f18' ct_options='{\"ct_id\":75,\"ct_parent\":74,\"selector\":\"text_block-75-379\",\"nicename\":\"Untertitel\",\"ct_depth\":4,\"original\":{\"font-family\":{\"0\":\"global\",\"1\":\"Display\"},\"font-size\":\"18\",\"color\":\"color(35)\"}}']<i>Arbeit<\/i>[\/ct_text_block][ct_headline ct_sign_sha256='379279c8d50e03622305f4f82223e6b1070c22f132dedebceb1a530e79fc9434' ct_options='{\"ct_id\":76,\"ct_parent\":74,\"selector\":\"headline-76-379\",\"original\":{\"font-family\":\"Lobster\",\"font-size\":\"38\"},\"ct_depth\":4,\"nicename\":\"Heading (#3)\"}']<span style=\"font-weight: 400;\">Berufliche Zukunft<\/span>[\/ct_headline][\/ct_div_block_3][ct_div_block_3 ct_sign_sha256='96a4ee30452ae1caf81d257b3d050f75927745ec4e7a77dc05241ca7323871e3' ct_options='{\"ct_id\":77,\"ct_parent\":73,\"selector\":\"div_block-77-379\",\"original\":{\"width\":\"70.00\",\"width-unit\":\"%\"},\"ct_depth\":3,\"nicename\":\"Div (#12)\"}'][ct_text_block ct_sign_sha256='9d8ed080a69f705c654044b6c65da771bb814598b6443f225b59459b7095f66c' ct_options='{\"ct_id\":78,\"ct_parent\":77,\"selector\":\"text_block-78-379\",\"original\":{\"font-size\":\"17\",\"font-family\":{\"0\":\"global\",\"1\":\"Display\"},\"color\":\"color(32)\"},\"ct_depth\":4,\"nicename\":\"Text (#91)\"}']Bist Du auf der Suche nach einem Ausbildungsplatz oder einer Arbeitsstelle? Die deutsche Sprache oder die Anerkennung Deiner Abschl\u00fcsse in Schule und Job k\u00f6nnen Hindernisse sein. Wir helfen Dir, diese H\u00fcrden zu meistern. Deinen internationalen Background sehen wir als Chance.<br>[\/ct_text_block][\/ct_div_block_3][\/ct_new_columns_3][ct_new_columns_3 ct_sign_sha256='85500df7939d67e8f9a2f9579263bd24b7aec9af62d2aa7230d0ec1b3d4cbddf' ct_options='{\"ct_id\":79,\"ct_parent\":72,\"selector\":\"new_columns-79-379\",\"nicename\":\"Columns (#55)\",\"ct_depth\":3}'][ct_div_block_3 ct_sign_sha256='bba81ab4fd511f9cf8f122ba7859de8c9cd948ded23fecb7d90cd29e751ae5f5' ct_options='{\"ct_id\":80,\"ct_parent\":79,\"selector\":\"div_block-80-379\",\"original\":{\"width\":\"50\",\"width-unit\":\"%\"},\"nicename\":\"Div (#56)\",\"ct_depth\":3}'][ct_link_4 ct_sign_sha256='4a40378f0471b37a16f68a5c12e2082b8a216f5078ebc6d1e8ac4562a4146e09' ct_options='{\"ct_id\":81,\"ct_parent\":80,\"selector\":\"link-81-379\",\"original\":{\"width\":\"90\",\"width-unit\":\"%\",\"url\":\"https:\/\/matrix.ejsa-rot.desite\/integration\/ausbildungs-und-jobfragen\/jmd\/\",\"target\":\"\",\"url_encoded\":\"true\"},\"nicename\":\"Div (#186)\",\"ct_depth\":4}'][ct_div_block_5 ct_sign_sha256='9c83fdc992a303498eb7d4f59997639078629208d9bae7fc49a729d20ebfb3e5' ct_options='{\"ct_id\":82,\"ct_parent\":81,\"selector\":\"div_block-82-379\",\"original\":{\"width-unit\":\"%\",\"justify-content\":\"space-between\",\"min-height-unit\":\"%\",\"min-height\":\"\",\"background-color\":\"#ffffff\",\"margin-right-unit\":\"%\",\"width\":\"100\",\"height-unit\":\"%\"},\"nicename\":\"Col1\",\"ct_depth\":5}'][ct_div_block_6 ct_sign_sha256='3bdc0fa901696c5c459f2e4e23e62bcebb585e34f812fbba1fd3786924a4a12f' ct_options='{\"ct_id\":83,\"ct_parent\":82,\"selector\":\"div_block-83-379\",\"original\":{\"width\":\"100\",\"width-unit\":\"%\"},\"ct_depth\":6,\"nicename\":\"Div (#21)\"}'][ct_image ct_sign_sha256='1459f370e412479b50a1667435cff325e115179a489c95eb46b8c4d26f0d05c4' ct_options='{\"ct_id\":84,\"ct_parent\":83,\"selector\":\"image-84-379\",\"original\":{\"attachment_id\":161,\"attachment_height\":300,\"attachment_width\":300,\"attachment_url\":\"https:\/\/matrix.ejsa-rot.desite\/wp-content\/uploads\/2021\/04\/hand-outline-gesture-3_113964-300x300.png\",\"src\":\"https:\/\/matrix.ejsa-rot.desite\/wp-content\/uploads\/2023\/04\/2023-04-18_EJSA_Sali_Oglou_Maxoum.jpg\"},\"ct_depth\":7,\"nicename\":\"Image (#71)\"}'][\/ct_image][\/ct_div_block_6][ct_div_block_6 ct_sign_sha256='615078c349de063ba6d0d63df5d1abe192dad366515ffa29a8a73b84552d1d51' ct_options='{\"ct_id\":85,\"ct_parent\":82,\"selector\":\"div_block-85-379\",\"original\":{\"width\":\"100\",\"width-unit\":\"%\",\"margin-right\":\"1\",\"margin-right-unit\":\"%\",\"align-items\":\"center\",\"text-align\":\"center\"},\"ct_depth\":6,\"nicename\":\"Div (#52)\"}'][oxy_rich_text ct_sign_sha256='ce0d3e69e50f1f7c66ece0b1c63e741fa953f96a4bdf49af73faf2cb70c55f50' ct_options='{\"ct_id\":86,\"ct_parent\":85,\"selector\":\"_rich_text-86-379\",\"original\":{\"font-family\":\"Poppins\",\"text-align\":\"center\",\"font-weight\":\"500\",\"margin-bottom\":\"8\",\"padding-top\":\"10\",\"color\":\"color(20)\",\"font-size\":\"18\"},\"ct_depth\":7,\"nicename\":\"Rich Text (#53)\"}']<p>Allgemeine Beratung<\/p>[\/oxy_rich_text][\/ct_div_block_6][ct_div_block_6 ct_sign_sha256='1c4b14bca29c48436178866958b57f27061d1711eae0c7cdaafa503ceb8984d4' ct_options='{\"ct_id\":87,\"ct_parent\":82,\"selector\":\"div_block-87-379\",\"original\":{\"width\":\"100\",\"width-unit\":\"%\",\"align-items\":\"center\",\"text-align\":\"center\"},\"ct_depth\":6,\"nicename\":\"Div (#54)\"}'][oxy_rich_text ct_sign_sha256='decd1dc12ff21bf919bb53ac1bcab3e4f9353ffff028090639be320df4e2bc24' ct_options='{\"ct_id\":88,\"ct_parent\":87,\"selector\":\"_rich_text-88-379\",\"original\":{\"font-size\":\"15\",\"text-align\":\"center\",\"font-family\":{\"0\":\"global\",\"1\":\"Display\"},\"padding-top\":\"0\",\"padding-left\":\"9\",\"padding-right\":\"9\",\"padding-bottom\":\"9\",\"color\":\"color(32)\"},\"ct_depth\":7,\"nicename\":\"Rich Text (#55)\"}']<p>Der Jugendmigrationsdienst (JMD) hilft jungen Menschen zum Beispiel bei der Anerkennung von Zeugnissen. Wir kl\u00e4ren die Voraussetzungen f\u00fcr Ausbildung und Studium und begleiten Dich auf Deinem Weg in den Beruf<\/p>[\/oxy_rich_text][oxy_rich_text ct_sign_sha256='40be3085fa0c90edb9b6aaac01f16981164d79ac6f5ee5443eba5e9696399d0a' ct_options='{\"ct_id\":89,\"ct_parent\":87,\"selector\":\"_rich_text-89-379\",\"original\":{\"font-size\":\"15\",\"text-align\":\"left\",\"font-family\":{\"0\":\"global\",\"1\":\"Display\"},\"padding-top\":\"0\",\"padding-left\":\"9\",\"padding-right\":\"9\",\"padding-bottom\":\"9\",\"color\":\"color(32)\"},\"ct_depth\":7,\"nicename\":\"Rich Text (#55)\"}']<p><strong>Senad Azemovic<br \/><\/strong>Ansbach, Neustadt\/ Aisch<br \/>Tel.: 0981 9720-387<br \/>Mobil: 01738 707014<br \/>senad.azemovic@ejsa-rot.de<\/p>\n<p><strong>Elena Eschenbrenner<br \/><\/strong>Rothenburg, Feuchtwangen, Uffenheim<br \/>Tel.: 09861 9369-422<br \/>Mobil: 01523 4777641<br \/>elena.eschenbrenner@ejsa-rot.de<\/p>\n<p><strong>Thomas Raithel<br \/><\/strong>B\u00fcro Rothenburg<br \/>Tel.: 09861 9369-425<br \/>thomas.raithel@ejsa-rot.de<\/p>[\/oxy_rich_text][\/ct_div_block_6][\/ct_div_block_5][\/ct_link_4][\/ct_div_block_3][ct_div_block_3 ct_sign_sha256='b2a0f292aa7fceb06f167cc47b4b8f032910d1d7b440246559daf4b9a868a49e' ct_options='{\"ct_id\":90,\"ct_parent\":79,\"selector\":\"div_block-90-379\",\"original\":{\"width\":\"50\",\"width-unit\":\"%\"},\"nicename\":\"Div (#57)\",\"ct_depth\":3}'][ct_link_4 ct_sign_sha256='1c3aa26250c60df8bc7d2cc24910674669dd99da1f6176981d81c96d063fabde' ct_options='{\"ct_id\":91,\"ct_parent\":90,\"selector\":\"link-91-379\",\"original\":{\"width-unit\":\"%\",\"width\":\"90\",\"url\":\"https:\/\/matrix.ejsa-rot.desite\/integration\/ausbildungs-und-jobfragen\/fib-ac-lg\/\",\"target\":\"\",\"url_encoded\":\"true\"},\"nicename\":\"Div (#186)\",\"ct_depth\":4}'][ct_div_block_5 ct_sign_sha256='9782668a31c6685e7aec3553e404a04adbd0c224551327a3f17483ddca339108' ct_options='{\"ct_id\":92,\"ct_parent\":91,\"selector\":\"div_block-92-379\",\"original\":{\"width-unit\":\"%\",\"justify-content\":\"space-between\",\"min-height-unit\":\"%\",\"min-height\":\"\",\"background-color\":\"#ffffff\",\"margin-right-unit\":\"%\",\"width\":\"100\",\"height-unit\":\"%\"},\"nicename\":\"Col1\",\"ct_depth\":5}'][ct_div_block_6 ct_sign_sha256='f682783db65b411e0aa0f2f475960c6358525b1e0daafc9f91d2e73e6b394ad8' ct_options='{\"ct_id\":93,\"ct_parent\":92,\"selector\":\"div_block-93-379\",\"original\":{\"width\":\"100\",\"width-unit\":\"%\"},\"ct_depth\":6,\"nicename\":\"Div (#21)\"}'][ct_image ct_sign_sha256='9173d60ed69944628499bd1694636f70d1593c9c0f50c4bbf4aaed83e67bc9ff' ct_options='{\"ct_id\":94,\"ct_parent\":93,\"selector\":\"image-94-379\",\"original\":{\"attachment_id\":161,\"attachment_height\":300,\"attachment_width\":300,\"attachment_url\":\"https:\/\/matrix.ejsa-rot.desite\/wp-content\/uploads\/2021\/04\/hand-outline-gesture-3_113964-300x300.png\",\"src\":\"https:\/\/matrix.ejsa-rot.desite\/wp-content\/uploads\/2022\/07\/Eb3_Bewerbungswerkstatt_iStock-858251308.jpg\"},\"ct_depth\":7,\"nicename\":\"Image (#71)\"}'][\/ct_image][\/ct_div_block_6][ct_div_block_6 ct_sign_sha256='dfb37e0fb52a5daa0c14ecba38322308576228cd4002f3e1969f48c0478312e3' ct_options='{\"ct_id\":95,\"ct_parent\":92,\"selector\":\"div_block-95-379\",\"original\":{\"width\":\"100\",\"width-unit\":\"%\",\"margin-right\":\"1\",\"margin-right-unit\":\"%\",\"align-items\":\"center\",\"text-align\":\"center\"},\"ct_depth\":6,\"nicename\":\"Div (#52)\"}'][oxy_rich_text ct_sign_sha256='1ee8ce833708f1822dae01bd6a4a0c6c6d8c23a86a1c8d4bab77a915547544cd' ct_options='{\"ct_id\":96,\"ct_parent\":95,\"selector\":\"_rich_text-96-379\",\"original\":{\"font-size\":\"18\",\"font-family\":\"Poppins\",\"text-align\":\"center\",\"font-weight\":\"500\",\"margin-bottom\":\"8\",\"padding-top\":\"10\",\"color\":\"color(20)\"},\"ct_depth\":7,\"nicename\":\"Rich Text (#53)\"}']<p>Beratung zum Beruf<\/p>[\/oxy_rich_text][\/ct_div_block_6][ct_div_block_6 ct_sign_sha256='e7104b9f88b8762b3fa4450e2d937206a442010abb022b9a2ceb1f8c2de7c764' ct_options='{\"ct_id\":97,\"ct_parent\":92,\"selector\":\"div_block-97-379\",\"original\":{\"width\":\"100\",\"width-unit\":\"%\",\"align-items\":\"center\",\"text-align\":\"center\"},\"ct_depth\":6,\"nicename\":\"Div (#54)\"}'][oxy_rich_text ct_sign_sha256='137c21fbcba783bc437cadcbcb82d3c58a15d7eba616e403340289e5373eadab' ct_options='{\"ct_id\":98,\"ct_parent\":97,\"selector\":\"_rich_text-98-379\",\"original\":{\"font-size\":\"15\",\"text-align\":\"center\",\"font-family\":{\"0\":\"global\",\"1\":\"Display\"},\"padding-top\":\"0\",\"padding-left\":\"9\",\"padding-right\":\"9\",\"padding-bottom\":\"9\",\"color\":\"color(32)\"},\"ct_depth\":7,\"nicename\":\"Rich Text (#55)\"}']<p>Wir helfen jungen Menschen mit Migrationshintergrund bei der Bewerbung. Wir unterst\u00fctzen bei Problemen vor und w\u00e4hrend der Ausbildung. Gemeinsam finden wir eine L\u00f6sung, wie Du Deine Situation meistern kannst<\/p>[\/oxy_rich_text][oxy_rich_text ct_sign_sha256='e40464d3e274aae7f5dc85edd00b582743667aee00aa38454b0caa62f0985f0b' ct_options='{\"ct_id\":99,\"ct_parent\":97,\"selector\":\"_rich_text-99-379\",\"original\":{\"font-size\":\"15\",\"text-align\":\"left\",\"font-family\":{\"0\":\"global\",\"1\":\"Display\"},\"padding-top\":\"0\",\"padding-left\":\"9\",\"padding-right\":\"9\",\"padding-bottom\":\"9\",\"color\":\"color(32)\"},\"ct_depth\":7,\"nicename\":\"Rich Text (#55)\"}']<p><strong>Laura Gudd<br \/><\/strong>Rothenburg, Feuchtwangen, Ansbach<br \/>Tel.: 09861 9369-423<br \/>laura.gudd@ejsa-rot.de<br \/>Weiterer Beratungsstandort:<br \/>B\u00fcro Ansbach<br \/>Johann-Sebastian-Bach-Platz 28<br \/>B\u00fcro Feuchtwangen<br \/>Marktplatz 1, 2. Stock<br \/>(Termine nur mittwochs)<\/p>[\/oxy_rich_text][\/ct_div_block_6][\/ct_div_block_5][\/ct_link_4][\/ct_div_block_3][\/ct_new_columns_3][\/ct_section_2][\/ct_div_block]","ct_template_type":"","ct_parent_template":0,"footnotes":""},"class_list":["post-379","page","type-page","status-publish","hentry"],"_links":{"self":[{"href":"https:\/\/matrix.ejsa-rot.de\/site\/wp-json\/wp\/v2\/pages\/379","targetHints":{"allow":["GET"]}}],"collection":[{"href":"https:\/\/matrix.ejsa-rot.de\/site\/wp-json\/wp\/v2\/pages"}],"about":[{"href":"https:\/\/matrix.ejsa-rot.de\/site\/wp-json\/wp\/v2\/types\/page"}],"author":[{"embeddable":true,"href":"https:\/\/matrix.ejsa-rot.de\/site\/wp-json\/wp\/v2\/users\/3"}],"replies":[{"embeddable":true,"href":"https:\/\/matrix.ejsa-rot.de\/site\/wp-json\/wp\/v2\/comments?post=379"}],"version-history":[{"count":5,"href":"https:\/\/matrix.ejsa-rot.de\/site\/wp-json\/wp\/v2\/pages\/379\/revisions"}],"predecessor-version":[{"id":632,"href":"https:\/\/matrix.ejsa-rot.de\/site\/wp-json\/wp\/v2\/pages\/379\/revisions\/632"}],"up":[{"embeddable":true,"href":"https:\/\/matrix.ejsa-rot.de\/site\/wp-json\/wp\/v2\/pages\/282"}],"wp:attachment":[{"href":"https:\/\/matrix.ejsa-rot.de\/site\/wp-json\/wp\/v2\/media?parent=379"}],"curies":[{"name":"wp","href":"https:\/\/api.w.org\/{rel}","templated":true}]}}